. What is t(y)?
-1
Let o(m) = 29 + 6*m**2 - 621005*m + 620976*m - 15. What is o(4)?
-6
Suppose -250*k + 7568 = 94*k. Let g(i) = -6*i + 121. Calculate g(k).
-11
Let j(a) = -37*a + 35. Let x be 12*(-8 - (266/(-24) - -3)). What is j(x)?
-2
Let c be (-6 + 7)*12*2/6. Let k(h) = 4*h**2 - 5*h - 3. Let f(o) = 7*o**2 - 10*o - 6. Let w(u) = -3*f(u) + 5*k(u). Determine w(c).
7
Suppose -11*p = -8*p + 6, -l + p = -2. Let o(f) = l - 2 - 12*f + 18*f - f**2 + 0*f. Give o(4).
6
Let m(l) = l**3 + 6*l**2 + 2*l + 14. Let i = 312 + -311. Let t be (-23 - -21) + -5 + i. What is m(t)?
2
Let p(r) = -2*r + 10. Suppose 98 - 140 = -3*l. Let x be 110/l + -4 + (-29)/(-7). Calculate p(x).
-6
Suppose 6 = -30*p + 33*p. Let g(n) = 3*n + 2. Suppose 0*x - 2*x = 8. Let i(f) = -4*f - 2. Let a(u) = x*i(u) - 5*g(u). Give a(p).
0
Let j(v) = -v**3 - 5*v**2 - 4*v - 3. Let o(d) = 2*d**2 + 32*d + 124. Let f be o(-9). Calculate j(f).
-7
Let u(z) = -z**3 - z**2 + z - 12. Let x(o) = -o**2 - 9*o + 10. Let g be -8 - (2 + (4 - 4)). Let s be x(g). Let v be (0 + s)/(-18 - -16). Give u(v).
-12
Suppose 2*b - 5*p - 29 = 0, -10*p + 5*p - 17 = 4*b. Suppose b*g + 2*v - 7*v = 34, 2*g + 4*v = -2. Let c(f) = f**3 - 7*f**2 + 3*f - 5. Give c(g).
16
Suppose 6*o = -3*o + 54. Suppose -17*a + 19*a - o = 0. Let l(u) = 187*u - a + 182*u - 365*u - u**2. Calculate l(4).
-3
Let n(y) = 8*y**3 - 18*y - 9*y**3 + 8*y**2 - 24*y + 28 - 13*y + 38*y. What is n(5)?
18
Let o be (-69)/(-18) - (-1)/6. Suppose -5*b = o*b. Let i(y) = y - 14. Determine i(b).
-14
Let d(n) = n**2 + 8*n + 7. Let s = 103 - 182. Let j = s + 72. Calculate d(j).
0
Suppose -106*o + 160 = -122*o. Let c(b) = 8*b + 63. Determine c(o).
-17
Suppose -3*v - 6 = -3*t - 0, -4 = 2*t - 4*v. Let u(i) = -i + 5. Let w(f) = f - 4. Let l = -62 - -58. Let a(k) = l*w(k) - 5*u(k). Determine a(t).
-3
Let t(o) = -2*o**3 - 91*o**2 - 216*o - 31. Let y be t(-43). Let f(b) = 4*b**2 - 46*b - 20. What is f(y)?
4
Suppose -6 = -3*z - p, 2*z + 6 = 5*z + 3*p. Let n(g) = 1 - 5 + g**2 - 3*g + z. What is n(-3)?
16
Let r(s) = -5*s + 2. Let w be (144/(-28) - -5) + (-30)/(-14). Let c be (-3)/w - (7 - (-273)/(-26)). What is r(c)?
-8
Let o be 2*-5*-1 + (18 - 22). Let v = -21 - -24. Let q(a) = -5 + 8*a**2 - 2*a**2 + 3*a**v - 4*a**3. Determine q(o).
-5
Let r be (-7)/(-2 + (2 - -1)). Let v(n) = 3*n**2 + 20*n - 16. Calculate v(r).
-9
Let y(k) = 0*k**2 - 2*k**2 - k**2 + 10 - 10 - 26*k + 17. Let o be y(-9). Let g(z) = -z**2 + 9*z - 2. Determine g(o).
6
Let k(f) = -72 - 115 + 13*f + 146. Determine k(3).
-2
Let i = -151 + 179. Let q(w) = 62*w + 1 - i*w - w**3 + w**2 - 36*w. Give q(2).
-7
Let n = 16 - 19. Let l be (n - 0)/(-1 + 0). Let v be 5/(-45)*-3 + 17/l. Let q(b) = b**3 - 7*b**2 + 9*b - 2. Calculate q(v).
16
Suppose 3*i = -3*i + 24. Let m(f) = -11*f**2 + 9*f**2 - 2 + 2*f + i + 2*f. Determine m(3).
-4
Suppose 5*p - 262 = -252, 3*b + 13 = -p. Let h(w) = -w**3 - 4*w**2 + 9*w + 12. What is h(b)?
-8
Let q(u) = -u**2 - 8*u - 6. Suppose 55 = -2*d + 5*b - 12, -4*d = -4*b + 140. Let k be (-20)/(-45) - ((-10960)/(-36))/10. Let j be (-3 + -2)*d/k. Determine q(j).
6
Let o(i) = 19*i**2 + 13*i - 11. Let v(l) = -4*l - 4*l + 6 - 13*l**2 + 4*l**2 + l. Let g(c) = -6*o(c) - 11*v(c). Let z = -2 - -1. Give g(z).
-14
Let r(f) be the first derivative of -f**3/3 - 13*f**2/2 - 14*f - 1236. Give r(-11).
8
Suppose -8573 - 14630 = -5*v + 4*n, -5*n = -2*v + 9271. Let w(r) = r**2 + 4644*r**3 - v*r**3 + 4 - 2*r**2. Give w(0).
4
Let t(v) = -50 - 15*v - 4 + 20*v - 4*v + 4*v. What is t(9)?
-9
Let x(s) be the third derivative of -5*s**4/24 - 11*s**3/3 + 2178*s**2. What is x(-4)?
-2
Let n(a) = 27*a**3 + a**2 - a. Let o be n(1). Suppose 6*h = -4108 + 4126. Let x(p) = 0*p + 2*p**h - o + 26 + p + 0*p**3. Calculate x(1).
2
Suppose 2*l + 4*s - 142 = 0, -l = -0*l + 5*s - 56. Let u = -79 + l. Let y(w) = 1 + u - 3 - 1 - w. Determine y(-6).
5
Let d(k) = -2*k**2 + k + 2. Suppose -32 + 7 = -5*l. Let h be (-50)/(-14) - (64/14)/8. Suppose -b = -2*q + 4, -h*b = -l*q - b + 10. What is d(q)?
-4
Let c be 4/6*(-30)/10*2. Let t be (-536)/(-208)*-2 - c/26. Let k(j) = -2*j + 7. Calculate k(t).
17
Suppose 58 = 2*r + 3*r + 2*a, 0 = 5*r - 2*a - 42. Let p(t) = t - 2*t + 9 + 3*t - 3*t. Let y be p(r). Let k(v) = -4*v**3 + 2*v + 1. Determine k(y).
3
Let q = -82 - -84. Let m(i) = -10 - 4162*i**q + 4161*i**2 + i - 27. Determine m(0).
-37
Let i(q) = q**3 + 2*q**2 - 10*q - 18. Let w be i(-3). Let s be ((-22)/33)/((-2)/12). Let a(p) = p**3 + 5*p**2 - 2*p**2 - p + 4 - 2*p - s*p**2. Give a(w).
13
Suppose 0 = 2*i + 5*x - 7 + 8, 4*i - 4*x + 16 = 0. Let b(z) = 10*z - z**2 + 9*z + 3 - 17*z - 1. What is b(i)?
-13
Suppose -9 + 3 = -3*n. Suppose 10 = n*z - 4*z. Let v(p) = 5*p - p**2 + 7*p**2 - 325*p**3 - 1 + 326*p**3. Determine v(z).
-1
Suppose -349*v = -344*v - 25. Let n(z) = z**2 + v*z + 5*z - 4*z + 3 - z. Let m = -1 - 4. Calculate n(m).
3
Let s(b) = -b + 9. Let f be s(7). Let i(q) = f*q + 7*q + 1 - 5*q - 5*q. Let j be (-6 + 0)/(-2) - -3. Determine i(j).
-5
Suppose 36 = 2*u - 72. Suppose 20*x - 2*x + u = 0. Let c(t) = t - 1. Calculate c(x).
-4
Let m(v) be the first derivative of 4*v - 4 - v**2 + 6 + 25 - 1. Determine m(2).
0
Let z be 4/5 + -12 + 116/5. Let y(j) = j**3 - 12*j**2 + 14. Calculate y(z).
14
Let p = 2 + -6. Let s be 8 + p - (2 - -2). Let d(h) = -9 - h + 8 + s. Calculate d(-9).
8
Let d(i) = 27*i + 49. Let m(c) = 18*c + 33. Let l(q) = -5*d(q) + 7*m(q). Let j(g) = 49*g + 69. Let y(z) = 2*j(z) + 11*l(z). Give y(-10).
-6
Suppose w - 4*x = -11, 2*w + w + 2*x = -5. Suppose 3*v + v = 0. Let l(i) = -3 - 5*i**2 + 3 + v*i**3 - i + 2 - 2*i**3. Give l(w).
14
Let u(a) = -98*a**3 - 3744 + 4*a + 0*a**2 + 99*a**3 + 5*a**2 + 12*a + 3751. Give u(-2).
-13
Let p(k) = -k**2 + k + 4. Let w = -147 - -164. Let h = -13 + w. Calculate p(h).
-8
Suppose 10 = 3*j + 4*z, 3*j + 7*z - 4*z - 9 = 0. Let u = 16 + j. Let n(r) = -r + 17. Let t be n(u). Let f(d) = 8*d - 1. Give f(t).
-9
Let n(x) = 83407*x**2 - 7 + x + 0*x**3 - 83413*x**2 + x**3. What is n(6)?
-1
Suppose -5*g - 542 + 537 = -2*t, 2 = 2*g. Let i(u) be the first derivative of 5*u**2/2 - 21*u + 1. Calculate i(t).
4
Let u be ((-2)/6 + 1)*-12. Let l(r) = -r**3 - r**2 + 27*r - 13. Let k be l(-6). Let s(c) = -6 + k + 4 + 2*c - 11 + 20. What is s(u)?
-4
Let w = 321 - 242. Let b(x) = -84*x**2 - w*x**2 - x**3 + 5 + 158*x**2. Give b(-5).
5
Let i(v) be the third derivative of v**6/120 - v**5/10 + 5*v**4/24 + 7*v**3/6 + 19*v**2. Let r = -125 - -130. Calculate i(r).
7
Let g be ((-800)/(-30))/(-1 - 14/(-18)). Suppose 0 = 4*c + 2*d + 504, -5*c + 4*d + 77 = 707. Let n = c - g. Let h(t) = t**2 + 4*t - 6. What is h(n)?
6
Suppose -5*z = 2*p + 1775, -846 - 188 = 3*z - 5*p. Let d = -357 - z. Let g(t) = 4*t + 3. Determine g(d).
-13
Let f(l) = 3 - 94714857*l - 2 + 94714863*l - l**2. Let a(t) = -4*t - 9 + 0*t + 2*t. Let b be a(-7). Determine f(b).
6
Let s = 21 + -14. Let h be (1 + (-8)/6)*(-25 + s). Suppose 4*c - 27 = -5*l, c + 37 = h*l - l. Let w(t) = -t**2 + 6*t + 3. Determine w(l).
-4
Let t(o) be the second derivative of o**5/120 + o**4/8 - 34*o**3/3 - 262*o. Let a(h) be the second derivative of t(h). Suppose 15 = -q + 6*q. Determine a(q).
6
Let g(r) be the third derivative of -7*r**4/8 - 103*r**3/6 - 2273*r**2. Give g(-5).
2
Suppose 4*q = 20*q. Suppose q = 8*y - y - 42. Let i(x) = -x**2 + 6*x + 3. Let t(v) = -v**2 + 6*v + 4. Let l(o) = -7*i(o) + 6*t(o). What is l(y)?
3
Let h(t) = 31*t**3 + 2*t**2 - 2*t + 1. Let v be (-3 - (-7)/2)*(7 + -3). Let n be ((-10)/(-12) + 5/(-15))*v. What is h(n)?
32
Let u(d) be the first derivative of -2*d**3/3 + d**2/2 + d + 3. Let z = -8 - -4. Let j be z*((-6)/(-4))/(-11 + 8). Give u(j).
-5
Let x(t) be the third derivative of -t**6/360 + 3*t**5/40 - 5*t**4/8 + 23*t**3/6 - 26*t**2 + 2*t. Let q(o) be the first derivative of x(o). Calculate q(7).
-1
Suppose -8*b + 7*b = -2*m - 4, 2*b - 5*m - 4 = 0. Let x(j) = -3 + j**3 + 8*j**2 - 9*j**2 + 14*j - b*j**2 - 2*j**3. Calculate x(-14).
-3
Let y(i) = 555*i**3 + 311 + 16*i - 6*i**2 - 554*i**3 - 372. What is y(5)?
-6
Let n(k) = -578 - 604 - 578 + 9*k + 1808 - 2*k**2. Calculate n(8).
-8
Let p(d) = -58 - 128*d + 185*d - 49*d - 56. Calculate p(15).
6
Suppose 484 = -9*y - 803. Let o = -138 - y. Let k(q) = -q + 4. Let s(r) = r - 4. Let g(l) = 3*k(l) + 2*s(l). Calculate g(o).
-1
Let u(o) b